s 1000 (base 5) in base 13?
98
-15a41 (base 14) to base 8
-151611
Convert -221112 (base 3) to base 2.
-1010110001
What is -122602 (base 8) in base 5?
-2323440
What is 84 (base 14) in base 11?
a6
What is -258c (base 14) in base 2?
-1100111000000
Convert -1034 (base 7) to base 14.
-1c4
37a (base 14) to base 3
221210
Convert -186 (base 14) to base 6.
-1242
-1135 (base 6) to base 3
-101012
Convert -251 (base 8) to base 9.
-207
30432 (base 5) to base 7
5544
Convert 1000000101100010 (base 2) to base 16.
8162
What is -10b85 (base 14) in base 12?
-1b669
What is -971 (base 16) in base 10?
-2417
54b2 (base 15) to base 11
12531
What is 2a8a9 (base 12) in base 2?
1110101010000001
52734 (base 9) to base 2
1000100000101101
Convert 261 (base 10) to base 6.
1113
8b7 (base 15) to base 4
132310
What is 175 (base 8) in base 5?
1000
Convert 1124341 (base 5) to base 7.
114022
102001020 (base 3) to base 13
3885
What is -9980 (base 10) in base 11?
-7553
What is 2617 (base 11) in base 16?
d4e
What is -3500 (base 8) in base 14?
-968
Convert -1583 (base 10) to base 8.
-3057
What is -3012 (base 4) in base 8?
-306
195c (base 13) to base 11
2940
Convert -129 (base 15) to base 16.
-108
What is -87 (base 10) in base 6?
-223
Convert -469 (base 15) to base 11.
-829
Convert 1314104 (base 5) to base 7.
136152
Convert 41 (base 16) to base 13.
50
Convert -28111 (base 10) to base 8.
-66717
-6112 (base 7) to base 3
-2220101
What is 3609 (base 10) in base 8?
7031
-209a (base 12) to base 10
-3574
Convert -28713 (base 9) to base 16.
-4c4d
Convert 100110010 (base 2) to base 7.
615
-16 (base 9) to base 11
-14
2014 (base 9) to base 10
1471
Convert -5312 (base 6) to base 13.
-710
5067 (base 8) to base 2
101000110111
What is -5954 (base 15) in base 10?
-18979
Convert 4120 (base 8) to base 10.
2128
What is -1011 (base 2) in base 4?
-23
What is -820 (base 14) in base 8?
-3074
Convert b79 (base 13) to base 2.
11110100111
What is 24444 (base 8) in base 14?
3ba4
Convert 685 (base 9) to base 4.
20303
What is 2112201211 (base 3) in base 9?
75654
-3354 (base 15) to base 12
-6367
What is 111120 (base 3) in base 12?
266
Convert afc (base 16) to base 11.
2127
What is 41b (base 12) in base 13?
371
What is -356 (base 7) in base 16?
-bc
Convert 354251 (base 6) to base 2.
111100000110111
739 (base 12) to base 9
1400
-29 (base 16) to base 8
-51
221024 (base 5) to base 12
4507
What is -46b8 (base 14) in base 6?
-133002
141 (base 11) to base 7
325
-111100110110110 (base 2) to base 3
-1120202000
Convert 315606 (base 7) to base 3.
2210020000
What is 1204 (base 7) in base 16?
1bd
What is 71df (base 16) in base 10?
29151
Convert -1101000110 (base 2) to base 12.
-59a
What is -11100101100111 (base 2) in base 11?
-1004a
-3289 (base 11) to base 12
-2610
What is 10010100010 (base 2) in base 5?
14221
-222120222 (base 3) to base 9
-28528
What is 546 (base 7) in base 14?
15d
21003 (base 4) to base 8
1103
Convert -1100000 (base 2) to base 5.
-341
-5446 (base 10) to base 11
-4101
Convert -203421 (base 5) to base 12.
-3a94
Convert -11411 (base 7) to base 3.
-11001012
400 (base 9) to base 8
504
-59c5 (base 13) to base 12
-73b7
Convert -7865 (base 13) to base 4.
-10012232
-139a7 (base 11) to base 8
-46600
2847 (base 9) to base 12
12b1
Convert -1793 (base 11) to base 16.
-8e8
8752 (base 10) to base 12
5094
Convert 348 (base 12) to base 8.
750
What is 10331 (base 10) in base 9?
15148
Convert -3c92 (base 13) to base 10.
-8738
-2bb9 (base 15) to base 6
-111303
111111101001000 (base 2) to base 7
163666
What is -16870 (base 12) in base 15?
-98b0
Convert 2016 (base 9) to base 6.
10453
Convert 943 (base 11) to base 5.
14021
Convert 21081 (base 12) to base 15.
cc67
Convert -4040 (base 5) to base 12.
-374
Convert -211000020 (base 3) to base 12.
-9350
Convert -17222 (base 10) to base 3.
-212121212
Convert 3a90a (base 11) to base 9.
88013
What is d0c2 (base 16) in base 3?
2201022100
1155 (base 6) to base 5
2122
Convert 1111211 (base 3) to base 14.
58a
Convert -10101 (base 4) to base 3.
-101010
66 (base 9) to base 12
50
110101110100011 (base 2) to base 7
143223
Convert 222023 (base 4) to base 11.
2034
What is 104 (base 10) in base 4?
1220
What is 1303122 (base 4) in base 5?
214021
11010111101 (base 2) to base 8
3275
-255 (base 11) to base 15
-152
What is 5132 (base 14) in base 11?
a541
3a5 (base 15) to base 6
3502
What is -1100010 (base 2) in base 4?
-1202
62 (base 13) to base 10
80
Convert 462 (base 16) to base 14.
5a2
What is 1b0 (base 14) in base 13?
20c
What is 521 (base 8) in base 9?
414
-f5 (base 16) to base 12
-185
What is -4136 (base 8) in base 3?
-2221100
Convert 41320 (base 6) to base 4.
1112100
-20140 (base 12) to base 10
-41664
What is -2131 (base 7) in base 9?
-1031
212100 (base 3) to base 14
330
Convert 1540 (base 13) to base 9.
4217
1b58 (base 14) to base 8
11562
Convert -4a97 (base 11) to base 9.
-10087
Convert 28330 (base 12) to base 10.
55764
dd6 (base 14) to base 7
10656
-35b4 (base 13) to base 6
-55035
Convert -22243 (base 5) to base 7.
-4405
What is -350 (base 10) in base 13?
-20c
What is 70 (base 15) in base 7?
210
What is 785 (base 15) in base 3?
2022222
Convert -1101011110100 (base 2) to base 8.
-15364
What is 1743 (base 9) in base 2?
10100110111
What is 222211002 (base 3) in base 4?
10301132
-17a1 (base 12) to base 10
-2857
What is -505b (base 13) in base 2?
-10101100110101
Convert -64 (base 7) to base 11.
-42
What is -10725 (base 8) in base 9?
-6232
What is c87 (base 14) in base 15?
aeb
What is 213322 (base 4) in base 6?
15454
-50114 (base 6) to base 11
-49a3
Convert 18382 (base 11) to base 16.
648e
What is -148 (base 14) in base 9?
-318
-36 (base 8) to base 5
-110
101001110111 (base 2) to base 13
12b1
Convert 46 (base 8) to base 15.
28
-202111011 (base 3) to base 15
-465a
211122 (base 3) to base 11
506
Convert -42210 (base 5) to base 8.
-5365
73 (base 10) to base 6
201
-102 (base 5) to base 16
-1b
Convert -201333 (base 4) to base 3.
-2222120
Convert -123302 (base 4) to base 16.
-6f2
Convert -110111000 (base 2) to base 4.
-12320
Convert -3223 (base 4) to base 12.
-177
Convert 1952 (base 15) to base 7.
21653
Convert -2551 (base 6) to base 8.
-1203
What is 10c (base 14) in base 4?
3100
10626 (base 9) to base 16
1b9f
1001000100110 (base 2) to base 3
20101002
-59a (base 14) to base 6
-5100
Convert -3a18 (base 13) to base 2.
-10000001101110
What is 62631 (base 7) in base 6?
155200
-1220002 (base 5) to base 4
-11221113
7654 (base 9) to base 11
4266
Convert 111 (base 8) to base 14.
53
-101101 (base 2) to base 12
-39
Convert -220022 (base 3) to base 12.
-468
What is 715 (base 8) in base 10?
461
2043 (base 8) to base 9
1406
What is -11464 (base 8) in base 15?
-16cb
What is -1397 (base 13) in base 4?
-230030
What is 971 (base 11) in base 2?
10010001111
Convert -10030 (base 5) to base 7.
-1603
What is -11323133 (base 4) in base 8?
-57337
What is -415 (base 7) in base 2?
-11010000
Convert -6c9a (base 15) to base 2.
-101101000110111
What is -2072 (base 9) in base 7?
-4304
What is -10a4 (base 13) in base 16?
-91b
What is bc (base 16) in base 9?
228
What is 33212 (base 5) in base 2?
100100000011
What is 8638 (base 11) in base 15?
35b0
What is -55350 (base 7) in base 8?
-33116
Convert 1202010 (base 3) to base 2.
10011111000
What is 15b5 (base 12) in base 4?
220121
Convert -1114 (base 8) to base 13.
-363
What is 848 (base 15) in base 12?
10b8
Convert -30025 (base 6) to base 3.
-12100122
-201100 (base 3) to base 5
-4042
537 (base 8) to base 12
253
Convert -497 (base 13) to base 2.
-1100100000
Convert 24a9 (base 16) to base 4.
2102221
What is -26 (base 9) in base 2?
-11000
What is 6f40 (base 16) in base 12?
14594
What is -2165 (base 9) in base 10?
-1598
Convert 929 (base 11) to base 16.
460
Convert 5051 (base 11) to base 14.
2635
What is -101000 (base 2) in base 7?
-55
1049 (base 13) to base 3
10002122
What is -293 (base 12) in base 15?
-1b9
Convert 101111111 (base 2) to base 16.
17f
-2991 (base 14) to base 12
-432b
194 (base 11) to base 12
168
What is -101110001000001 (base 2) in base 15?
-6ee7
Convert 420 (base 8) to base 6.
1132
144162 (base 7) to base 15
83d6
Convert -5a3 (base 16) to base 8.
-2643
-9472 (base 11) to base 9
-18175
Convert -19f (base 16) to base 8.
-637
Convert -5497 (base 16) to base 3.
-1002201001
What 